ate 9 - (-40 - (0 + (8 - 11) + -1 - -8)).
53
(-2 - 31) + (426 - 400 - (34 - -2))
-43
What is -34 - (807 + -807 - (1 + (-1 - (-5 - -1))))?
-30
What is the value of (66 + (3 - 15) - 27) + 37?
64
Evaluate 32 + -21 - (2 - (-29 + -7)).
-27
What is the value of 8 + 5 + (-62 - -47) + (-1 - 0)?
-3
Calculate 27 - (-100 + 219 + -95).
3
Evaluate (3 - (-9 - -6)) + 586 + -543.
49
What is -56 + (-88 - (-151 - -34))?
-27
Calculate -5 + 11 + (14 - 0) + 279 + -278.
21
Calculate -2 + -15 - (-1 - (-22 - -3)).
-35
-7 - (-2 + -12) - (23 + -16 + -19)
19
What is the value of 17 + (-9 - (-14 - (7 - 4) - -48))?
-23
Evaluate (-10 - 1) + (-73 - -187 - 145).
-42
What is the value of (15 - (-12 - -40)) + -6 + -3 + 7?
-15
Calculate 20 + (30 + 30 - 35).
45
What is the value of -5 - (-27 + -31 + 71) - 24?
-42
Calculate (-72 - (4 + 0)) + 1 + -22 + (24 - 13).
-86
43 + -32 + -29 - (27 + -7)
-38
What is the value of 41 + 9 - (0 - (-5 - -4) - -5)?
44
What is (26 - 1) + 51 + -64 + (-40 - -57)?
29
Evaluate -26 - (2 - (33 - (-42 - -82))).
-35
Evaluate -75 - -108 - ((4 - -1) + 11 + -17 + 4).
30
What is the value of -34 - 6 - (-430 + 380)?
10
Evaluate -4 + 1 + -1 + 15 + -5 - (127 + -134).
13
What is the value of -20 + 5 + (8 - 5) + 18?
6
Calculate 1 + -93 + (-1023 - -985) - (5 + -2).
-133
What is the value of -10 - (-20 + 16 + (4 - 20))?
10
Evaluate (-23 - -25) + (-25 - -9) + 16 - 46.
-44
What is the value of 11 - (-46 + 119 - 55)?
-7
Calculate 66 + -12 + 35 + -52.
37
What is the value of 16 + 99 - (-41 - (-44 + -33))?
79
Evaluate 9 + -29 + 53 + (14 - -9).
56
What is 169 - (183 + -106 + 24)?
68
Evaluate 11 + (-44 - -40) - 32.
-25
What is -15 + 5 + 6 + -1 + 58 + 4 + -8?
49
1 + (-2 - 6) + 124 + -261 + 37
-107
Calculate (0 + 1 - 9) + (-9878 - -9900).
14
What is the value of (24 - -2) + 1113 + -1120?
19
Evaluate -8 + -44 + 114 - 41.
21
What is the value of (-10 - (8 + -88)) + (-26 - (2 + -12))?
54
What is the value of 10 + -15 + 40 + (-2 - 12)?
21
Evaluate -101 + 5 + 88 + -63.
-71
Calculate 80 + -54 - (3 - (-10 - -5)) - 30.
-12
-25 - (55 + -71) - 13
-22
Evaluate (-1 - 14) + (117 - (-325 - -305 - (-1 - 0))).
121
Calculate -306 - -302 - (1 + -35 + 1).
29
2 + -42 + 33 + 6
-1
Calculate 0 + 14 + -4 - (-226 - -212).
24
What is the value of (-18 - 5) + 6 + -14 + -7?
-38
Evaluate (6 - (4 - -20 - 4)) + -8 + (-28 - -22).
-28
Calculate 24 - (22 + -19 + 47) - 36.
-62
Evaluate 6 - -1 - (-17 + 27 + 23 + -51).
25
Calculate -93 + -69 + 68 + 106.
12
Evaluate -1 + ((115 - 127) + (1 - -10) - 1).
-3
What is the value of 2020 + -1923 - (-5 + 4 + 8)?
90
-306 + 322 + (2 - 34) + (-1 - 40)
-57
What is (8 + (-11 - -7) - 2) + 0 - -21?
23
Evaluate -10 + (35 - 15) + 8 + (-7 - -15).
26
Evaluate (44 - -10) + 14 + 2 + -27.
43
Calculate 14 + -4 + 29 + -24 - -32 - 12.
35
-17 - (11 + -17 + 23) - -9
-25
What is the value of -1 - ((-9 - 5 - -3) + 13)?
-3
-42076 + 42127 + (-20 - (-2 - (-3 - -1)))
31
20 + 4 + (-33 - 21) - (50 - 25)
-55
Calculate (0 - 9) + (14 - (-14 + -8 + 8)) + 10.
29
What is the value of 1 + -8 + (380 + -374 - (47 - 0))?
-48
What is 17 - 5 - 0 - (-49 - 10 - (-10 - -5))?
66
What is the value of (-129 - -206 - 62) + (26 - 6)?
35
Evaluate 5 - ((19 - 35 - -77) + (1 - -1 - 7)).
-51
(3299 - 3303) + (-1 - 28)
-33
What is -7 - -10 - 10 - (-16 - 49) - (-35 - -30)?
63
Evaluate 12 - 17 - (-1 - (28 - (-11 + 3))).
32
-69 + (15 + -11 - (2 + (-15 - -7))) - -7
-52
38 + -13 - (-27 + 5 + 24)
23
What is the value of (-6 - -9) + -9 - -4 - (-25 + 44 - 126)?
105
Evaluate -34 - ((2 - 13) + (244 - 236)).
-31
-32 + (35 - (1 + 27 - 12))
-13
What is -11 - -4 - (45 - (-21 - -47))?
-26
What is 56 - (84 - (-31 - -122))?
63
What is -36 + (-381 - -344) + (207 - -1)?
135
Calculate -29 - (-83 + -66 + 94).
26
95 + (1 + -92 - -113)
117
What is (46 + 19 - 17) + -8?
40
What is -5 + -4 - (-589 + 641)?
-61
Calculate (102 - (45 - 3)) + -7.
53
What is the value of 45 + (28 - (30 + -13))?
56
What is the value of (-2 - -52 - 64) + 29?
15
What is the value of (51 - -7) + (-66 - -28 - -46 - (1 - 0))?
65
-10 + 1 + -6 + -6 + 63 + -19
23
Evaluate (-153 - (-20 + -31)) + 49.
-53
(-12 - -3 - (7 + -5)) + 24 + 30
43
Calculate 28 + -73 + (41 - 19) + -46.
-69
Evaluate 146 - 71 - 65 - (0 + -1 + 69 - 1).
-57
What is the value of (-3 + 6 + 2 - 5) + 70 + -72?
-2
What is (-28 + -7 - 3) + 42 - 67?
-63
Evaluate -35 - (12 + 9 + -25 + -24).
-7
What is the value of (-59 - 1) + (1569 - 1541)?
-32
29 + (53 - 109) + 30
3
What is the value of -14 + (38 - 25) - -2 - 25?
-24
-66 + (-65 - -87) - (1 + (-14 - 1))
-30
Calculate (-4 - 47 - -7) + 15 - -61.
32
(47037 - 47050) + -2 + (-1 - -3) + -62
-75
What is the value of 15 - (-5 + 136) - (3 - 8 - 14)?
-97
Calculate 1197 + -1197 + (-1 + -2 - 40 - 3 - 0).
-46
Evaluate 16 - (7 + -4 + -14 - -17).
10
Evaluate 7 + -5 + 1 + (-25 - (34 + -23)) + -7.
-40
Calculate (14 - -4) + -29 + 1 + 41.
31
What is -9 - -1 - (-9 - -67 - 61)?
-5
What is the value of -39 + 46 - (44 + -34)?
-3
208 + (-94 - 26) + -174
-86
What is 40 + (3 - -5 - 7) - (-56 - -66)?
31
What is the value of (-78 + 21 - 104) + 63?
-98
Evaluate (52 - 129 - (-10 + 5)) + -7 + 19 + -10.
-70
What is 0 + 77 - (6042 + -5954)?
-11
What is the value of -5 + (2 - (-15 - -12) - (65 + -9))?
-56
What is the value of 2 - (-19 + 12 + -5)?
14
What is 21 + (53 - 62 - -47)?
59
Evaluate 35 - (-14 + -27 + 31 + -13).
58
Calculate 1 + (-40 - (3 + 6)) - (-38 + 46).
-56
What is the value of (-3 + -12 + 27 - -24) + (-4 - -12)?
44
What is -24 + 44 + (35 - 13) + -45 - 79?
-82
What is the value of 8 + 0 + 0 + 1 - (-54 + 12 - -36)?
15
What is the value of -74 - (-46 + -67 - -54)?
-15
Evaluate 62 - (105 + -36 - 23).
16
Calculate (-13 - -5) + (-126 - -122) - 21.
-33
What is the value of (224 - 39) + -45 - 36?
104
What is -29 + 21 + -17 - (-55 + 29)?
1
What is the value of (9 - 11) + 11 + -21 + (49 - 2)?
35
What is 69 - (5 + -5) - (-27 - (-18 - 18))?
60
Calculate (-22 - 0) + (-674 - -715).
19
What is the value of -47 - -37 - (3 + 1 - (60 - (12 + -3)))?
37
What is the value of -3 + (10 + -6 + 9 - -1) - -41?
52
What is 9 - (-2 - (49 + -19 - 5) - -17)?
19
What is the value of -12 - -27 - 9 - (-7 - -24) - -58?
47
What is the value of 39 - (-15 + -7 + 15 + 8)?
38
What is 0 + 27 + -553 + 256 + 352?
82
What is the value of -23 + (26 - (76 - 23))?
-50
What is 142 + -17 + -68 - 0?
57
What is the value of 3 + 18 - (1 + 15 + -8 - -3)?
10
What is -264 + 275 + 14 + 0 + -7 + 3?
21
What is 4 + (6 - (2 - 13 - 1) - 5)?
17
What is the value of 36 + (13 - (59 - 61))?
51
-25 + (-4 - -54) + -3
22
Calculate -9 + (-69 - -12) + (-5 - (-24 + 9)).
-56
Calculate 72 - (-12 - (-109 - -66)).
41
Calculate 8 - 1 - (-40 + (-9 - (-3 - (-4 + 10)))).
47
(-13 - -26) + 19 + -104
-72
Evaluate (-51 - (18 - 58) - (-1 + 58)) + (-1 - 3).
-72
Evaluate -26 + 14 + 35 + 10 - 24.
9
Calculate -22 + (22 - (-17 + 20 - -14)).
-17
-15 + (8 - -10) - (-29 - (-108 + 0))
-76
(4 - -14) + 26 - 13
31
Calculate 7478 + -7358 + (3 - (3 - -3)).
117
Evaluate 2 + (55 - 20) - (10 + -4).
31
Calculate (4 - (11 - 0)) + -10 + (57 - 41) - 66.
-67
Calculate (-33 + 12 - (-13 - (-2 - -4))) + 18.
12
Evaluate -73 - ((-4 - -10) + -5 + 36 + -24).
-86
What is the value of 8 + -18 - (142 - 138)?
-14
Evaluate 42 + -2 + (-11 - 12 - -22) - (22 - 21).
38
What is the value of 2 + -10 - ((-433 - -405) + (-1 - 0) + 0)?
21
What is -335 + 321 - (-1 + 35 - 4)?
-44
What is -3 + -3 + 9 + -9 + -18 + 12?
-12
What is -19 - (-2 + 6) - (1 - (30 - 36))?
-30
What is -1 - -2 - (21 - 208 - -223)?
-35
What is the value of (-1 - -6) + 2 + -16 + 1 + -3 + 21?
10
What is the value of 1 - -31 - (-32 + 57 + (-27 - 16))?
50
What is 19 - (65 + (25 - 61))?
-10
-144 - ((-99 - -201) + -160)
-86
Evaluate (31 - 9) + -20 + 15 + (3 - (11 + -1)).
10
Calculate -2 + (18 - 9 - -15) - (18 - (25 + -16)).
13
(-88 - (-52 + -46)) + 102
112
(-14 - -6) + 1 + 11 + 24 + 7 + 11
46
What is the value of 326 - 344 - (-143 - 1 - (-19 - -17))?
124
What is (23 - (-59 - 22)) + -131?
-27
Evaluate -105 + 321 + 19 - 147.
88
What is 53 - (-125 + 38 + 163)?
-23
(17 - 67 - -58) + 25
33
What is -3 - -4 - -3 - (15 - 1 - (118 + -101))?
7
What is the value of 36 + (-24 - (13 + -50) - (-1 - -7) - 3)?
40
Calculate 32 + 18 + -10 + 18.
58
Calculate 0 + -69 + 2 + (-4228 - -4255).
-40
Calculate 44 - ((-117 - -56) + 68 + (-3 - (4 + -1))).
43
What is the value of